
What is -1 (base 14) in base 8?
-1
What is -5 (base 15) in base 3?
-12
What is 1011 (base 2) in base 6?
15
What is -2 (base 8) in base 14?
-2
Convert -2 (base 10) to base 9.
-2
18 (base 15) to base 11
21
Convert 210 (base 4) to base 5.
121
Convert -110 (base 2) to base 15.
-6
What is -2 (base 14) in base 13?
-2
What is b (base 15) in base 9?
12
-3113 (base 5) to base 6
-1520
4 (base 16) to base 2
100
-114 (base 7) to base 16
-3c
Convert -5c (base 13) to base 2.
-1001101
3 (base 8) to base 4
3
Convert 103 (base 5) to base 13.
22
-1 (base 9) to base 14
-1
What is 0 (base 8) in base 5?
0
What is -2 (base 16) in base 5?
-2
What is -2 (base 12) in base 11?
-2
What is -115 (base 12) in base 5?
-1121
Convert 2202 (base 3) to base 10.
74
What is -5 (base 13) in base 16?
-5
Convert 37 (base 15) to base 9.
57
-24 (base 16) to base 7
-51
What is 1011111 (base 2) in base 5?
340
Convert 3d (base 16) to base 13.
49
What is 120 (base 6) in base 13?
39
Convert 0 (base 4) to base 9.
0
What is -140 (base 12) in base 11?
-165
What is 1 (base 6) in base 16?
1
What is -10 (base 6) in base 4?
-12
Convert 6 (base 15) to base 11.
6
Convert 33 (base 9) to base 13.
24
Convert 2 (base 16) to base 3.
2
1a (base 13) to base 2
10111
What is -2 (base 10) in base 8?
-2
8 (base 11) to base 4
20
Convert 0 (base 3) to base 14.
0
-17 (base 9) to base 15
-11
What is 7b (base 15) in base 5?
431
-1 (base 11) to base 16
-1
What is 252 (base 10) in base 11?
20a
Convert -6 (base 8) to base 6.
-10
Convert -18 (base 11) to base 7.
-25
Convert 130 (base 8) to base 14.
64
Convert 10 (base 10) to base 8.
12
Convert -166 (base 9) to base 4.
-2031
-19 (base 14) to base 7
-32
Convert 0 (base 9) to base 10.
0
Convert c (base 14) to base 7.
15
What is 26 (base 11) in base 2?
11100
24 (base 13) to base 14
22
Convert 3 (base 12) to base 13.
3
2 (base 11) to base 8
2
What is -6 (base 11) in base 2?
-110
What is -163 (base 10) in base 16?
-a3
What is -1 (base 11) in base 14?
-1
-123 (base 8) to base 10
-83
121 (base 3) to base 6
24
5 (base 11) to base 16
5
21 (base 3) to base 4
13
9 (base 12) to base 14
9
What is -87 (base 14) in base 7?
-230
-12 (base 14) to base 12
-14
-2 (base 15) to base 13
-2
Convert 101 (base 11) to base 2.
1111010
Convert -10 (base 9) to base 4.
-21
14 (base 14) to base 15
13
Convert -12 (base 9) to base 6.
-15
What is b (base 13) in base 8?
13
-2 (base 3) to base 9
-2
What is 20 (base 12) in base 14?
1a
-1 (base 12) to base 6
-1
13 (base 5) to base 11
8
1 (base 11) to base 14
1
-c (base 14) to base 6
-20
Convert -1 (base 3) to base 8.
-1
What is -10 (base 14) in base 10?
-14
17 (base 11) to base 5
33
-3 (base 16) to base 4
-3
Convert -23 (base 14) to base 6.
-51
What is 11 (base 2) in base 9?
3
-7 (base 12) to base 16
-7
What is 112 (base 6) in base 10?
44
-11 (base 13) to base 6
-22
What is -13 (base 13) in base 4?
-100
Convert 11122 (base 3) to base 12.
a5
Convert -6c (base 14) to base 4.
-1200
-14 (base 5) to base 12
-9
What is 1a2 (base 13) in base 12?
211
Convert 67 (base 11) to base 12.
61
What is 66 (base 12) in base 5?
303
-13 (base 9) to base 16
-c
Convert -13 (base 11) to base 9.
-15
-3a (base 14) to base 15
-37
-1 (base 16) to base 8
-1
Convert -5 (base 13) to base 12.
-5
What is 1014 (base 5) in base 4?
2012
What is -12 (base 3) in base 12?
-5
Convert -4 (base 5) to base 12.
-4
Convert 37 (base 10) to base 5.
122
-14 (base 16) to base 14
-16
What is 84 (base 15) in base 14?
8c
Convert 27 (base 14) to base 9.
38
Convert -16 (base 15) to base 6.
-33
23 (base 16) to base 14
27
15 (base 6) to base 8
13
What is 2243 (base 5) in base 13?
1bb
-3 (base 11) to base 13
-3
d (base 16) to base 10
13
What is 1 (base 11) in base 13?
1
Convert 2 (base 13) to base 9.
2
Convert -1222 (base 3) to base 6.
-125
Convert 20 (base 4) to base 2.
1000
262 (base 8) to base 9
217
1021 (base 3) to base 6
54
26 (base 11) to base 6
44
What is -13 (base 16) in base 5?
-34
Convert -211 (base 6) to base 7.
-142
Convert 5 (base 9) to base 10.
5
102 (base 6) to base 10
38
What is -75 (base 13) in base 5?
-341
Convert 8 (base 15) to base 13.
8
-1311 (base 4) to base 10
-117
What is 10 (base 10) in base 3?
101
Convert 0 (base 16) to base 7.
0
What is 1a (base 12) in base 3?
211
Convert 8 (base 12) to base 8.
10
-66 (base 7) to base 12
-40
What is -131 (base 8) in base 3?
-10022
-8 (base 15) to base 9
-8
-1 (base 4) to base 12
-1
Convert -2 (base 4) to base 13.
-2
What is 9 (base 12) in base 13?
9
What is 44 (base 8) in base 14?
28
Convert 18 (base 11) to base 13.
16
-32 (base 8) to base 6
-42
What is 1 (base 13) in base 10?
1
Convert -4 (base 10) to base 3.
-11
Convert 102 (base 4) to base 6.
30
What is 202 (base 3) in base 7?
26
Convert -147 (base 10) to base 16.
-93
100 (base 7) to base 16
31
111 (base 2) to base 7
10
Convert 1 (base 13) to base 16.
1
What is -9 (base 11) in base 9?
-10
-1201 (base 4) to base 2
-1100001
-145 (base 8) to base 3
-10202
-106 (base 8) to base 9
-77
What is -12 (base 3) in base 6?
-5
Convert -287 (base 11) to base 9.
-414
Convert 75 (base 13) to base 14.
6c
What is -6 (base 8) in base 16?
-6
Convert -10 (base 3) to base 11.
-3
4 (base 15) to base 12
4
What is -114 (base 10) in base 7?
-222
201 (base 6) to base 4
1021
What is -235 (base 12) in base 14?
-197
What is 0 (base 8) in base 6?
0
What is -224 (base 8) in base 5?
-1043
What is 178 (base 13) in base 6?
1124
What is 312 (base 4) in base 3?
2000
-1 (base 13) to base 11
-1
Convert 3 (base 16) to base 15.
3
What is -2 (base 11) in base 2?
-10
Convert 9 (base 11) to base 15.
9
-434 (base 8) to base 3
-101112
Convert -3 (base 14) to base 7.
-3
What is 5 (base 8) in base 11?
5
What is 3003 (base 4) in base 11?
168
What is -4 (base 10) in base 6?
-4
Convert 31 (base 6) to base 2.
10011
What is -15 (base 16) in base 15?
-16
-9 (base 13) to base 2
-1001
12 (base 3) to base 6
5
-23 (base 12) to base 3
-1000
-36 (base 14) to base 16
-30
What is -10 (base 7) in base 3?
-21
-10 (base 9) to base 16
-9
What is -26 (base 11) in base 10?
-28
What is 2a (base 14) in base 16?
26
2 (base 10) to base 9
2
Convert -2 (base 15) to base 7.
-2
Convert -2 (base 3) to base 7.
-2
Convert 43 (base 14) to base 3.
2012
What is -1314 (base 5) in base 4?
-3101
Convert 9 (base 11) to base 12.
9
What is 12 (base 8) in base 16?
a
What is 45 (base 16) in base 6?
153
11 (base 4) to base 5
10
Convert -2c (base 14) to base 2.
-101000
16 (base 7) to base 3
111
What is 1 (base 13) in base 15?
1
335 (base 6) to base 16
83
What is 1002 (base 3) in base 11?
27
Convert 8 (base 16) to base 14.
8
-4 (base 9) to base 4
-10
2 (base 3) to base 2
10
Convert -3c (base 13) to base 2.
-110011
Convert -23 (base 4) to base 14.
-b
-2031 (base 5) to base 12
-1a2
-1 (base 15) to base 4
-1
What is -1001010 (base 2) in base 16?
-4a
Convert 38 (base 13) to base 12.
3b
2 (base 7) to base 5
2
Convert 0 (base 11) to base 2.
0
-312 (base 5) to base 10
-82
-1 (base 15) to base 6
-1
Convert -1022 (base 5) to base 14.
-9b
Convert -3 (base 6) to base 2.
-11
Convert -11 (base 14) to base 10.
-15
-301 (base 4) to base 3
-1211
Convert 12 (base 3) to base 9.
5
Convert -13 (base 9) to base 5.
-22
What is 30 (base 7) in base 15?
16
Convert 2 (base 10) to base 6.
2
What is 21001 (base 3) in base 6?
514
Convert 83 (base 15) to base 3.
11120
Convert -1c (base 14) to base 5.
-101
What is 26 (base 9) in base 11?
22
Convert 0 (base 8) to base 2.
0
What is -211 (base 10) in base 12?
-157
Convert -8 (base 13) to base 6.
-12
Convert 0 (base 4) to base 14.
0
Convert -3 (base 4) to base 5.
-3
What is -1140 (base 5) in base 8?
-252
What is 25 (base 10) in base 5?
100
What is 6 (base 8) in base 4?
12
What is -232 (base 6) in base 14?
-68
Convert 32 (base 7) to base 15.
18
-10010 (base 2) to base 13
-15
-33 (base 10) to base 14
-25
Convert 2 (base 8) to base 15.
2
Convert -10 (base 2) to base 4.
-2
What is 2 (base 10) in base 4?
2
What is 50 (base 12) in base 13?
48
-35 (base 14) to base 9
-52
Convert 10 (base 4) to base 3.
11
What is -13 (base 7) in base 9?
-11
6 (base 14) to base 4
12
51 (base 10) to base 15
36
What is -202 (base 6) in base 8?
-112
What is 0 (base 15) in base 16?
0
What is 103 (base 4) in base 3?
201
Convert 2 (base 14) to base 13.
2
What is 53 (base 10) in base 2?
110101
Conver